mainder when 193 is divided by 56?
25
Calculate the remainder when 530 is divided by 483.
47
What is the remainder when 4343 is divided by 2168?
7
What is the remainder when 164 is divided by 95?
69
What is the remainder when 30 is divided by 9?
3
Calculate the remainder when 182 is divided by 67.
48
What is the remainder when 5328 is divided by 124?
120
Calculate the remainder when 1360 is divided by 445.
25
Calculate the remainder when 301 is divided by 3.
1
Calculate the remainder when 5592 is divided by 193.
188
What is the remainder when 89 is divided by 18?
17
Calculate the remainder when 157 is divided by 50.
7
What is the remainder when 219 is divided by 22?
21
What is the remainder when 98 is divided by 9?
8
Calculate the remainder when 64 is divided by 37.
27
Calculate the remainder when 1530 is divided by 509.
3
Calculate the remainder when 76 is divided by 21.
13
What is the remainder when 17 is divided by 7?
3
Calculate the remainder when 305 is divided by 153.
152
What is the remainder when 1205 is divided by 16?
5
What is the remainder when 1238 is divided by 409?
11
Calculate the remainder when 6935 is divided by 26.
19
What is the remainder when 902 is divided by 19?
9
Calculate the remainder when 111 is divided by 71.
40
What is the remainder when 261 is divided by 55?
41
Calculate the remainder when 1473 is divided by 371.
360
Calculate the remainder when 241 is divided by 122.
119
Calculate the remainder when 348 is divided by 174.
0
Calculate the remainder when 2312 is divided by 26.
24
Calculate the remainder when 499 is divided by 195.
109
What is the remainder when 32 is divided by 13?
6
Calculate the remainder when 268 is divided by 71.
55
Calculate the remainder when 173 is divided by 58.
57
Calculate the remainder when 1117 is divided by 538.
41
Calculate the remainder when 4561 is divided by 55.
51
What is the remainder when 474 is divided by 6?
0
What is the remainder when 3993 is divided by 85?
83
Calculate the remainder when 212 is divided by 55.
47
What is the remainder when 428 is divided by 108?
104
Calculate the remainder when 203 is divided by 104.
99
Calculate the remainder when 87 is divided by 15.
12
Calculate the remainder when 155 is divided by 16.
11
What is the remainder when 642 is divided by 23?
21
What is the remainder when 261 is divided by 126?
9
What is the remainder when 8097 is divided by 75?
72
What is the remainder when 103 is divided by 25?
3
Calculate the remainder when 2287 is divided by 52.
51
Calculate the remainder when 1004 is divided by 72.
68
What is the remainder when 4738 is divided by 158?
156
Calculate the remainder when 641 is divided by 162.
155
What is the remainder when 991 is divided by 125?
116
Calculate the remainder when 237 is divided by 117.
3
Calculate the remainder when 650 is divided by 14.
6
Calculate the remainder when 8 is divided by 1.
0
Calculate the remainder when 31 is divided by 8.
7
Calculate the remainder when 1075 is divided by 14.
11
Calculate the remainder when 138 is divided by 10.
8
Calculate the remainder when 1952 is divided by 9.
8
Calculate the remainder when 2069 is divided by 87.
68
What is the remainder when 830 is divided by 8?
6
What is the remainder when 96 is divided by 27?
15
What is the remainder when 15 is divided by 2?
1
What is the remainder when 194 is divided by 6?
2
What is the remainder when 1415 is divided by 670?
75
Calculate the remainder when 211 is divided by 24.
19
Calculate the remainder when 1012 is divided by 289.
145
What is the remainder when 321 is divided by 6?
3
Calculate the remainder when 2899 is divided by 77.
50
What is the remainder when 239 is divided by 7?
1
Calculate the remainder when 3206 is divided by 153.
146
What is the remainder when 152 is divided by 9?
8
Calculate the remainder when 82 is divided by 69.
13
Calculate the remainder when 1614 is divided by 85.
84
What is the remainder when 383 is divided by 48?
47
Calculate the remainder when 752 is divided by 248.
8
Calculate the remainder when 15 is divided by 7.
1
What is the remainder when 44 is divided by 34?
10
Calculate the remainder when 2530 is divided by 9.
1
What is the remainder when 320 is divided by 17?
14
What is the remainder when 357 is divided by 29?
9
What is the remainder when 51 is divided by 11?
7
What is the remainder when 184 is divided by 71?
42
What is the remainder when 983 is divided by 279?
146
What is the remainder when 471 is divided by 6?
3
Calculate the remainder when 964 is divided by 14.
12
What is the remainder when 597 is divided by 46?
45
Calculate the remainder when 3160 is divided by 16.
8
Calculate the remainder when 812 is divided by 21.
14
What is the remainder when 195 is divided by 36?
15
Calculate the remainder when 1508 is divided by 47.
4
What is the remainder when 5188 is divided by 66?
40
Calculate the remainder when 52 is divided by 31.
21
Calculate the remainder when 985 is divided by 55.
50
What is the remainder when 63 is divided by 4?
3
What is the remainder when 853 is divided by 58?
41
Calculate the remainder when 294 is divided by 90.
24
Calculate the remainder when 628 is divided by 35.
33
Calculate the remainder when 4532 is divided by 9.
5
Calculate the remainder when 544 is divided by 80.
64
What is the remainder when 206 is divided by 69?
68
What is the remainder when 262 is divided by 59?
26
Calculate the remainder when 243 is divided by 32.
19
What is the remainder when 717 is divided by 66?
57
What is the remainder when 1391 is divided by 44?
27
Calculate the remainder when 371 is divided by 75.
71
What is the remainder when 1635 is divided by 815?
5
What is the remainder when 49 is divided by 13?
10
What is the remainder when 5389 is divided by 8?
5
What is the remainder when 198 is divided by 154?
44
What is the remainder when 50 is divided by 5?
0
Calculate the remainder when 751 is divided by 73.
21
What is the remainder when 88 is divided by 14?
4
Calculate the remainder when 425 is divided by 423.
2
What is the remainder when 36 is divided by 29?
7
Calculate the remainder when 139 is divided by 36.
31
Calculate the remainder when 367 is divided by 9.
7
Calculate the remainder when 9029 is divided by 35.
34
Calculate the remainder when 4428 is divided by 21.
18
What is the remainder when 102 is divided by 90?
12
What is the remainder when 1666 is divided by 62?
54
What is the remainder when 1165 is divided by 30?
25
Calculate the remainder when 548 is divided by 28.
16
What is the remainder when 412 is divided by 140?
132
Calculate the remainder when 215 is divided by 14.
5
Calculate the remainder when 2336 is divided by 2328.
8
What is the remainder when 24555 is divided by 28?
27
What is the remainder when 189 is divided by 60?
9
Calculate the remainder when 606 is divided by 102.
96
Calculate the remainder when 77 is divided by 33.
11
What is the remainder when 218 is divided by 28?
22
What is the remainder when 129 is divided by 58?
13
Calculate the remainder when 497 is divided by 98.
7
Calculate the remainder when 121 is divided by 14.
9
What is the remainder when 14 is divided by 5?
4
Calculate the remainder when 810 is divided by 244.
78
Calculate the remainder when 1923 is divided by 593.
144
Calculate the remainder when 414 is divided by 129.
27
Calculate the remainder when 2278 is divided by 41.
23
What is the remainder when 46 is divided by 6?
4
What is the remainder when 168 is divided by 43?
39
Calculate the remainder when 1835 is divided by 369.
359
What is the remainder when 4735 is divided by 786?
19
What is the remainder when 1144 is divided by 191?
189
Calculate the remainder when 162 is divided by 10.
2
Calculate the remainder when 441 is divided by 103.
29
What is the remainder when 146 is divided by 48?
2
What is the remainder when 688 is divided by 23?
21
Calculate the remainder when 397 is divided by 57.
55
What is the remainder when 17 is divided by 6?
5
What is the remainder when 36 is divided by 19?
17
What is the remainder when 5466 is divided by 71?
70
What is the remainder when 2009 is divided by 37?
11
Calculate the remainder when 49 is divided by 26.
23
What is the remainder when 155 is divided by 21?
8
What is the remainder when 475 is divided by 2